n divisor of 19 and 15694.
19
Calculate the greatest common factor of 142 and 14768.
142
What is the highest common factor of 645 and 45?
15
Calculate the greatest common factor of 125 and 475.
25
What is the highest common divisor of 64 and 3008?
64
What is the greatest common divisor of 162 and 72?
18
What is the greatest common divisor of 46 and 230?
46
Calculate the highest common factor of 6 and 15954.
6
Calculate the highest common factor of 322 and 126.
14
What is the highest common factor of 6 and 39?
3
Calculate the greatest common divisor of 1 and 13.
1
Calculate the highest common divisor of 63 and 651.
21
Calculate the highest common factor of 32 and 1208.
8
Calculate the highest common divisor of 248 and 682.
62
What is the greatest common factor of 99 and 3168?
99
What is the highest common divisor of 519 and 18857?
173
What is the highest common divisor of 26 and 34?
2
Calculate the highest common factor of 2 and 892.
2
Calculate the highest common factor of 1872 and 1638.
234
Calculate the greatest common factor of 2838 and 66.
66
What is the greatest common divisor of 15 and 180?
15
Calculate the greatest common divisor of 86 and 6.
2
What is the highest common factor of 323 and 19?
19
Calculate the highest common divisor of 1090 and 3161.
109
What is the highest common divisor of 762 and 6?
6
What is the highest common factor of 45 and 7890?
15
Calculate the greatest common factor of 97 and 679.
97
What is the greatest common factor of 46 and 46?
46
What is the greatest common factor of 93 and 1178?
31
Calculate the greatest common divisor of 930 and 150.
30
Calculate the highest common divisor of 658 and 56.
14
Calculate the greatest common factor of 85 and 901.
17
Calculate the greatest common divisor of 216 and 18504.
72
Calculate the highest common divisor of 2176 and 68.
68
What is the greatest common divisor of 7410 and 15?
15
What is the greatest common divisor of 46 and 2967?
23
What is the greatest common divisor of 350 and 25?
25
What is the highest common factor of 476 and 42?
14
Calculate the greatest common divisor of 100 and 285.
5
What is the greatest common divisor of 10 and 2120?
10
What is the greatest common factor of 119 and 289?
17
Calculate the greatest common divisor of 2744 and 490.
98
What is the highest common divisor of 134 and 25460?
134
What is the greatest common divisor of 15 and 240?
15
Calculate the greatest common divisor of 10 and 26.
2
Calculate the greatest common factor of 18 and 1332.
18
Calculate the highest common divisor of 31 and 1488.
31
Calculate the greatest common divisor of 180 and 36.
36
What is the greatest common divisor of 322 and 70?
14
Calculate the greatest common divisor of 1988 and 4118.
142
What is the highest common factor of 4 and 82?
2
Calculate the greatest common factor of 3125 and 75.
25
What is the greatest common factor of 93 and 496?
31
What is the highest common divisor of 1729 and 57?
19
What is the greatest common factor of 7100 and 200?
100
Calculate the greatest common divisor of 8832 and 72.
24
What is the highest common divisor of 1334 and 58?
58
Calculate the greatest common divisor of 124 and 341.
31
Calculate the highest common divisor of 14850 and 100.
50
What is the highest common divisor of 22 and 242?
22
Calculate the greatest common divisor of 222 and 1850.
74
What is the highest common factor of 90 and 54?
18
Calculate the greatest common divisor of 94 and 4982.
94
What is the highest common divisor of 17 and 153?
17
What is the highest common divisor of 21 and 2877?
21
Calculate the greatest common divisor of 832 and 52.
52
Calculate the highest common factor of 12 and 294.
6
What is the greatest common divisor of 5452 and 116?
116
Calculate the highest common factor of 54 and 513.
27
What is the greatest common factor of 2418 and 186?
186
What is the highest common factor of 32 and 40?
8
Calculate the highest common factor of 495 and 2205.
45
What is the highest common divisor of 1729 and 91?
91
What is the greatest common divisor of 21 and 4613?
7
What is the greatest common factor of 198 and 88?
22
Calculate the greatest common divisor of 754 and 143.
13
What is the highest common divisor of 2681 and 7?
7
What is the greatest common divisor of 54 and 2538?
54
What is the greatest common factor of 54 and 594?
54
Calculate the greatest common divisor of 468 and 10116.
36
What is the greatest common factor of 330 and 462?
66
Calculate the greatest common factor of 18464 and 32.
32
Calculate the greatest common factor of 986 and 68.
34
Calculate the highest common divisor of 90 and 1035.
45
What is the greatest common factor of 65 and 1040?
65
What is the greatest common factor of 115 and 23?
23
Calculate the highest common factor of 20 and 85.
5
What is the greatest common factor of 510 and 3315?
255
What is the highest common factor of 2195 and 15?
5
What is the highest common divisor of 16042 and 26?
26
Calculate the greatest common factor of 785 and 5.
5
Calculate the highest common divisor of 312 and 1768.
104
What is the highest common divisor of 315 and 1155?
105
Calculate the highest common divisor of 40 and 190.
10
Calculate the highest common factor of 650 and 6.
2
What is the greatest common divisor of 44 and 198?
22
What is the highest common factor of 222 and 1184?
74
What is the greatest common divisor of 1225 and 49?
49
Calculate the highest common divisor of 88 and 6094.
22
Calculate the highest common factor of 49 and 637.
49
Calculate the greatest common factor of 2183 and 177.
59
What is the highest common divisor of 494 and 266?
38
Calculate the highest common divisor of 135 and 135.
135
Calculate the greatest common divisor of 13 and 3289.
13
Calculate the highest common divisor of 15 and 33.
3
Calculate the greatest common divisor of 4096 and 1280.
256
Calculate the greatest common factor of 59 and 767.
59
Calculate the greatest common factor of 3427 and 46.
23
Calculate the greatest common divisor of 26 and 910.
26
What is the greatest common factor of 364 and 26?
26
What is the highest common divisor of 50 and 90?
10
What is the highest common divisor of 115 and 161?
23
Calculate the greatest common factor of 30380 and 392.
196
Calculate the highest common factor of 20 and 170.
10
What is the greatest common factor of 30 and 730?
10
What is the greatest common divisor of 30 and 120?
30
Calculate the greatest common factor of 31504 and 176.
176
What is the greatest common factor of 1278 and 2272?
142
Calculate the highest common divisor of 260 and 273.
13
What is the greatest common factor of 1 and 31?
1
Calculate the highest common divisor of 4 and 596.
4
What is the highest common factor of 515 and 206?
103
What is the greatest common divisor of 138 and 782?
46
Calculate the highest common factor of 8671 and 29.
29
Calculate the highest common factor of 1463 and 665.
133
What is the highest common divisor of 24 and 1784?
8
What is the highest common factor of 470 and 3854?
94
What is the greatest common factor of 45 and 27?
9
What is the highest common factor of 76 and 513?
19
What is the highest common factor of 41 and 29479?
41
Calculate the greatest common divisor of 21 and 18.
3
Calculate the greatest common divisor of 169 and 117.
13
Calculate the highest common factor of 1825 and 175.
25
What is the greatest common divisor of 230 and 69?
23
What is the highest common factor of 228 and 209?
19
Calculate the highest common factor of 13 and 12402.
13
What is the greatest common divisor of 84 and 20?
4
Calculate the highest common divisor of 1 and 83.
1
Calculate the greatest common factor of 3024 and 112.
112
Calculate the highest common factor of 1722 and 168.
42
Calculate the greatest common divisor of 85632 and 24.
24
Calculate the greatest common divisor of 53 and 1007.
53
What is the highest common factor of 9 and 507?
3
Calculate the highest common factor of 119 and 7.
7
Calculate the greatest common divisor of 4108 and 52.
52
What is the highest common factor of 486 and 6?
6
Calculate the highest common factor of 18 and 1602.
18
Calculate the highest common factor of 23 and 21137.
23
What is the greatest common divisor of 6847 and 501?
167
What is the greatest common divisor of 3358 and 92?
46
What is the